{"id":90,"date":"2017-04-26T20:59:46","date_gmt":"2017-04-26T18:59:46","guid":{"rendered":"https:\/\/www.pfarreiengemeinschaft-regenstauf.de\/?page_id=90"},"modified":"2023-01-21T13:08:46","modified_gmt":"2023-01-21T12:08:46","slug":"erstkommunion","status":"publish","type":"page","link":"https:\/\/www.pfarreiengemeinschaft-regenstauf.de\/index.php\/sakramente-seelsorge\/sakramente\/erstkommunion\/","title":{"rendered":"Erstkommunion"},"content":{"rendered":"<p>&#8222;Tut dies zu meinem Ged\u00e4chtnis&#8220;. Mit diesen Worten \u00fcbergibt Jesus am Abend vor seinem Leiden sich selber den Menschen. Er reicht das Brot und sagt: &#8222;Das ist mein Leib&#8220;. Er reicht den Wein und sagt: &#8222;Das ist mein Blut&#8220;. Von Anfang an kommen die Christen am Tag der Auferstehung, das ist der Sonntag, zusammen und feiern Danksagung (Eucharistie). Sie und wir sind verbunden mit Jesus im Wort der Verk\u00fcndigung und im Zeichen des Mahles, das ist Gemeinschaft. Diese Verbundenheit ist Kommunion.<\/p>\n<p>Die Kinder kommen <strong>nicht &#8222;automatisch&#8220;<\/strong> zur Erstkommunion weil sie ein gewisses Alter erreicht haben oder weil sie die 3. Klasse besuchen.<\/p>\n<p>Eltern erkl\u00e4ren bei der Taufe Ihres Kindes die Bereitschaft, es im Glauben zu lehren, es zu st\u00e4rken und mit ihm den Weg im Glauben zu gehen. Sie sollen ihm darin ein Vorbild sein. Darum kn\u00fcpfen wir in der Vorbereitungszeit auf die Sakramente der Bu\u00dfe und hl. Kommunion erneut an diese Verantwortung und Bereitschaft an.<\/p>\n<p>Das glaubw\u00fcrdige Vorbild und die Begleitung dienen dem Kind, sonst wird das Streben des Kindes und das Bem\u00fchen im Religionsunterricht, in den Gruppenstunden der Gemeindekatechese und das Mitgestalten in den Weggottesdiensten von ihm nicht mit dem Leben verbunden.<\/p>\n<p>Es ist ein Zusammenspiel von <strong>Leben in der Familie und Leben in der Pfarrei<\/strong>.<\/p>\n<p>Die Vorbereitung auf die Sakramente der Bu\u00dfe und hl. Kommunion schlie\u00dft die Eltern und die ganze Familie ein. Glaube ist immer neu erfahrbar. Glaubensinhalte brauchen Interesse, Wissen, Mittun und Gew\u00f6hnung.<\/p>\n<p><strong>Weg der Vorbereitung<\/strong><br \/>\nNeben dem Religionsunterricht geschieht die Vorbereitung vor allem in <strong>Weg-Gottesdiensten<\/strong> jeweils dienstags um 18.00 Uhr.<\/p>\n","protected":false},"excerpt":{"rendered":"<p>&#8222;Tut dies zu meinem Ged\u00e4chtnis&#8220;. Mit diesen Worten \u00fcbergibt Jesus am Abend vor seinem Leiden sich selber den Menschen. Er reicht das Brot und sagt: &#8222;Das ist mein Leib&#8220;. Er reicht den Wein und sagt: &#8222;Das ist mein Blut&#8220;. Von Anfang an kommen die Christen am Tag der Auferstehung, das ist der Sonntag, zusammen und &hellip; <\/p>\n<p class=\"link-more\"><a href=\"https:\/\/www.pfarreiengemeinschaft-regenstauf.de\/index.php\/sakramente-seelsorge\/sakramente\/erstkommunion\/\" class=\"more-link\"><span class=\"screen-reader-text\">\u201eErstkommunion\u201c<\/span> weiterlesen<\/a><\/p>\n","protected":false},"author":2,"featured_media":0,"parent":299,"menu_order":11200,"comment_status":"closed","ping_status":"closed","template":"","meta":{"footnotes":""},"class_list":["post-90","page","type-page","status-publish","hentry"],"_links":{"self":[{"href":"https:\/\/www.pfarreiengemeinschaft-regenstauf.de\/index.php\/wp-json\/wp\/v2\/pages\/90","targetHints":{"allow":["GET"]}}],"collection":[{"href":"https:\/\/www.pfarreiengemeinschaft-regenstauf.de\/index.php\/wp-json\/wp\/v2\/pages"}],"about":[{"href":"https:\/\/www.pfarreiengemeinschaft-regenstauf.de\/index.php\/wp-json\/wp\/v2\/types\/page"}],"author":[{"embeddable":true,"href":"https:\/\/www.pfarreiengemeinschaft-regenstauf.de\/index.php\/wp-json\/wp\/v2\/users\/2"}],"replies":[{"embeddable":true,"href":"https:\/\/www.pfarreiengemeinschaft-regenstauf.de\/index.php\/wp-json\/wp\/v2\/comments?post=90"}],"version-history":[{"count":5,"href":"https:\/\/www.pfarreiengemeinschaft-regenstauf.de\/index.php\/wp-json\/wp\/v2\/pages\/90\/revisions"}],"predecessor-version":[{"id":2973,"href":"https:\/\/www.pfarreiengemeinschaft-regenstauf.de\/index.php\/wp-json\/wp\/v2\/pages\/90\/revisions\/2973"}],"up":[{"embeddable":true,"href":"https:\/\/www.pfarreiengemeinschaft-regenstauf.de\/index.php\/wp-json\/wp\/v2\/pages\/299"}],"wp:attachment":[{"href":"https:\/\/www.pfarreiengemeinschaft-regenstauf.de\/index.php\/wp-json\/wp\/v2\/media?parent=90"}],"curies":[{"name":"wp","href":"https:\/\/api.w.org\/{rel}","templated":true}]}}