{"id":619,"date":"2017-05-29T22:18:52","date_gmt":"2017-05-29T20:18:52","guid":{"rendered":"https:\/\/www.pfarreiengemeinschaft-regenstauf.de\/?page_id=619"},"modified":"2023-01-19T20:56:21","modified_gmt":"2023-01-19T19:56:21","slug":"gemeindereferentin-o","status":"publish","type":"page","link":"https:\/\/www.pfarreiengemeinschaft-regenstauf.de\/index.php\/ihre-seelsorger\/gemeindereferentin-o\/","title":{"rendered":"Gemeindereferentin Monika Ostermeier"},"content":{"rendered":"<p><img loading=\"lazy\" decoding=\"async\" class=\"alignnone size-full wp-image-603\" src=\"https:\/\/www.pfarreiengemeinschaft-regenstauf.de\/wp-content\/uploads\/2021\/08\/Monika-Ostermeier-2021-08.jpg\" alt=\"\" width=\"200\" height=\"290\"><\/p>\n<p>Tel. 09402\/780840<br \/>\neMail: <a href=\"mailto:Monika.Ostermeier@stjakobus-regenstauf.de\"><span style=\"color: #0000ff;\">Monika.Ostermeier@stjakobus-regenstauf.d<\/span>e<\/a><\/p>\n<p>Ich wurde 1964 in Abensberg geboren und bin in Etzenbach, einem kleinen Dorf in der N\u00e4he von Abensberg, aufgewachsen. In meiner Heimatpfarrei Biburg engagierte ich mich in der Landjugend und im Pfarrgemeinderat. Nach dem Abitur studierte ich in M\u00fcnchen Religionsp\u00e4dagogik\/Kirchliche Bildungsarbeit.<br \/>\nVon 1987 bis 1995 arbeitete ich als Gemeindereferentin in B\u00e4rnau und Kallm\u00fcnz, anschlie\u00dfend war ich in Elternzeit und \u00fcbernahm ehrenamtlich verschiedene Aufgaben in der Pfarrei Regenstauf. Ab 2002 bis 2011 unterrichtete ich Religion an verschiedenen Schulen in der Umgebung. Seit September 2011 bin ich Gemeindereferentin in St. Jakobus.<\/p>\n<p>Ich bin verheiratet und habe zwei Kinder. In Regenstauf wohnen wir seit 1994.<\/p>\n<p>Meine Aufgabengebiete:<\/p>\n<ul>\n<li>Religionsunterricht an Grund- und Mittelschule<\/li>\n<li>Kinder- und Jugendarbeit<\/li>\n<li>Ministranten<\/li>\n<li>Erstkommunionvorbereitung<\/li>\n<li>Firmvorbereitung<\/li>\n<li>Vorbereitung von Kinder- und Familiengottesdiensten, zusammen mit dem Familiengottesdienstteam<\/li>\n<li>Krankenkommunion<\/li>\n<li>Weitere Aufgaben ergeben sich immer wieder&#8230;<\/li>\n<\/ul>\n<p>Was ich an meinem Beruf liebe:<\/p>\n<ul>\n<li>Die Vielfalt der Aufgaben<\/li>\n<li>Das Miteinander im Glauben: Ich darf etwas von meinem Glauben weitergeben und werde gleichzeitig bereichert durch die Glaubenserfahrungen anderer.<\/li>\n<li>Die Zusammenarbeit mit den verschiedensten Menschen und die Erfahrung, dass viele an den Aufgaben wachsen, die sie in der Pfarrgemeinde \u00fcbernehmen.<\/li>\n<\/ul>\n<p>\u00dcber neue ehrenamtliche Mitarbeiter, z.B. im Familiengottesdienstteam oder bei Kinderbibeltagen w\u00fcrde ich mich sehr freuen.<\/p>\n","protected":false},"excerpt":{"rendered":"<p>Tel. 09402\/780840 eMail: Monika.Ostermeier@stjakobus-regenstauf.de Ich wurde 1964 in Abensberg geboren und bin in Etzenbach, einem kleinen Dorf in der N\u00e4he von Abensberg, aufgewachsen. In meiner Heimatpfarrei Biburg engagierte ich mich in der Landjugend und im Pfarrgemeinderat. Nach dem Abitur studierte ich in M\u00fcnchen Religionsp\u00e4dagogik\/Kirchliche Bildungsarbeit. Von 1987 bis 1995 arbeitete ich als Gemeindereferentin in B\u00e4rnau &hellip; <\/p>\n<p class=\"link-more\"><a href=\"https:\/\/www.pfarreiengemeinschaft-regenstauf.de\/index.php\/ihre-seelsorger\/gemeindereferentin-o\/\" class=\"more-link\"><span class=\"screen-reader-text\">\u201eGemeindereferentin Monika Ostermeier\u201c<\/span> weiterlesen<\/a><\/p>\n","protected":false},"author":2,"featured_media":0,"parent":103,"menu_order":8500,"comment_status":"closed","ping_status":"closed","template":"","meta":{"footnotes":""},"class_list":["post-619","page","type-page","status-publish","hentry"],"_links":{"self":[{"href":"https:\/\/www.pfarreiengemeinschaft-regenstauf.de\/index.php\/wp-json\/wp\/v2\/pages\/619","targetHints":{"allow":["GET"]}}],"collection":[{"href":"https:\/\/www.pfarreiengemeinschaft-regenstauf.de\/index.php\/wp-json\/wp\/v2\/pages"}],"about":[{"href":"https:\/\/www.pfarreiengemeinschaft-regenstauf.de\/index.php\/wp-json\/wp\/v2\/types\/page"}],"author":[{"embeddable":true,"href":"https:\/\/www.pfarreiengemeinschaft-regenstauf.de\/index.php\/wp-json\/wp\/v2\/users\/2"}],"replies":[{"embeddable":true,"href":"https:\/\/www.pfarreiengemeinschaft-regenstauf.de\/index.php\/wp-json\/wp\/v2\/comments?post=619"}],"version-history":[{"count":8,"href":"https:\/\/www.pfarreiengemeinschaft-regenstauf.de\/index.php\/wp-json\/wp\/v2\/pages\/619\/revisions"}],"predecessor-version":[{"id":2482,"href":"https:\/\/www.pfarreiengemeinschaft-regenstauf.de\/index.php\/wp-json\/wp\/v2\/pages\/619\/revisions\/2482"}],"up":[{"embeddable":true,"href":"https:\/\/www.pfarreiengemeinschaft-regenstauf.de\/index.php\/wp-json\/wp\/v2\/pages\/103"}],"wp:attachment":[{"href":"https:\/\/www.pfarreiengemeinschaft-regenstauf.de\/index.php\/wp-json\/wp\/v2\/media?parent=619"}],"curies":[{"name":"wp","href":"https:\/\/api.w.org\/{rel}","templated":true}]}}