{"id":569,"date":"2017-05-28T21:43:48","date_gmt":"2017-05-28T19:43:48","guid":{"rendered":"https:\/\/www.pfarreiengemeinschaft-regenstauf.de\/?page_id=569"},"modified":"2023-01-19T16:35:14","modified_gmt":"2023-01-19T15:35:14","slug":"shells","status":"publish","type":"page","link":"https:\/\/www.pfarreiengemeinschaft-regenstauf.de\/index.php\/unsere-pfarreien\/st-jakobus-regenstauf\/arbeitskreise-der-pfarrei\/kirchenmusik\/shells\/","title":{"rendered":"Auswahlchor &#8222;Shells&#8220;"},"content":{"rendered":"<p>Im Auswahlchor \u201eShells\u201c singen S\u00e4ngerinnen und S\u00e4nger, die normalerweise eine musikalische Vorbildung mitbringen, ein Instrument spielen und schnell vom Blatt singen k\u00f6nnen.<\/p>\n<p><b>Besonderheit<\/b><br \/>\nMitgliedschaft nur \u00fcber einen Eignungstest m\u00f6glich.<\/p>\n<p><b>Auftritte<\/b><\/p>\n<ul>\n<li style=\"margin-top: -1em;\">Regelm\u00e4\u00dfige Gestaltung von Gottesdiensten<\/li>\n<li>Veranstaltung von Konzerten<\/li>\n<li>Gestaltung von Hochzeiten und \u00e4hnlichen Feiern<\/li>\n<\/ul>\n<p><b>Ziele<\/b><\/p>\n<ul>\n<li style=\"margin-top: -1em;\">Singen der kompletten Chorliteratur<\/li>\n<\/ul>\n<p><b>Chorkleidung<\/b><br \/>\nJedes Chormitglied tr\u00e4gt bei den Auftritten eine rote Bluse bzw. ein rotes Hemd.<\/p>\n<p><b>Verantwortlich im Chor<\/b><br \/>\nChorsprecher: Reinhard Oberbauer<br \/>\nLeitung: Andreas Dengler<\/p>\n<p><b>Kontakt<\/b><br \/>\nE-Mail: kimudengler@web.de<br \/>\nTelefon: 09402\/9186<\/p>\n","protected":false},"excerpt":{"rendered":"<p>Im Auswahlchor \u201eShells\u201c singen S\u00e4ngerinnen und S\u00e4nger, die normalerweise eine musikalische Vorbildung mitbringen, ein Instrument spielen und schnell vom Blatt singen k\u00f6nnen. Besonderheit Mitgliedschaft nur \u00fcber einen Eignungstest m\u00f6glich. Auftritte Regelm\u00e4\u00dfige Gestaltung von Gottesdiensten Veranstaltung von Konzerten Gestaltung von Hochzeiten und \u00e4hnlichen Feiern Ziele Singen der kompletten Chorliteratur Chorkleidung Jedes Chormitglied tr\u00e4gt bei den Auftritten &hellip; <\/p>\n<p class=\"link-more\"><a href=\"https:\/\/www.pfarreiengemeinschaft-regenstauf.de\/index.php\/unsere-pfarreien\/st-jakobus-regenstauf\/arbeitskreise-der-pfarrei\/kirchenmusik\/shells\/\" class=\"more-link\"><span class=\"screen-reader-text\">\u201eAuswahlchor &#8222;Shells&#8220;\u201c<\/span> weiterlesen<\/a><\/p>\n","protected":false},"author":2,"featured_media":0,"parent":369,"menu_order":2622,"comment_status":"closed","ping_status":"closed","template":"","meta":{"footnotes":""},"class_list":["post-569","page","type-page","status-publish","hentry"],"_links":{"self":[{"href":"https:\/\/www.pfarreiengemeinschaft-regenstauf.de\/index.php\/wp-json\/wp\/v2\/pages\/569","targetHints":{"allow":["GET"]}}],"collection":[{"href":"https:\/\/www.pfarreiengemeinschaft-regenstauf.de\/index.php\/wp-json\/wp\/v2\/pages"}],"about":[{"href":"https:\/\/www.pfarreiengemeinschaft-regenstauf.de\/index.php\/wp-json\/wp\/v2\/types\/page"}],"author":[{"embeddable":true,"href":"https:\/\/www.pfarreiengemeinschaft-regenstauf.de\/index.php\/wp-json\/wp\/v2\/users\/2"}],"replies":[{"embeddable":true,"href":"https:\/\/www.pfarreiengemeinschaft-regenstauf.de\/index.php\/wp-json\/wp\/v2\/comments?post=569"}],"version-history":[{"count":7,"href":"https:\/\/www.pfarreiengemeinschaft-regenstauf.de\/index.php\/wp-json\/wp\/v2\/pages\/569\/revisions"}],"predecessor-version":[{"id":2246,"href":"https:\/\/www.pfarreiengemeinschaft-regenstauf.de\/index.php\/wp-json\/wp\/v2\/pages\/569\/revisions\/2246"}],"up":[{"embeddable":true,"href":"https:\/\/www.pfarreiengemeinschaft-regenstauf.de\/index.php\/wp-json\/wp\/v2\/pages\/369"}],"wp:attachment":[{"href":"https:\/\/www.pfarreiengemeinschaft-regenstauf.de\/index.php\/wp-json\/wp\/v2\/media?parent=569"}],"curies":[{"name":"wp","href":"https:\/\/api.w.org\/{rel}","templated":true}]}}