{"id":337,"date":"2017-05-18T19:49:47","date_gmt":"2017-05-18T17:49:47","guid":{"rendered":"https:\/\/www.pfarreiengemeinschaft-regenstauf.de\/?page_id=337"},"modified":"2025-02-03T14:37:05","modified_gmt":"2025-02-03T13:37:05","slug":"kirchenverwaltung","status":"publish","type":"page","link":"https:\/\/www.pfarreiengemeinschaft-regenstauf.de\/index.php\/unsere-pfarreien\/st-jakobus-regenstauf\/team\/kirchenverwaltung\/","title":{"rendered":"Kirchenverwaltung"},"content":{"rendered":"<p>In Finanzfragen braucht der Pfarrer nicht alleine zu entscheiden. Zu seiner Entlastung gibt es die von den Pfarrangeh\u00f6rigen gew\u00e4hlte Kirchenverwaltung. Dabei handelt es sich nicht um ein B\u00fcro, wie der Name vermuten lie\u00dfe. Vielmehr handelt es sich tats\u00e4chlich um ein Entscheidungsgremium mit weitreichenden Befugnissen, auch wenn der Pfarrer der geborene Vorsitzende ist.<br \/>\nOb die Kirche renoviert werden soll oder ein Mesner eingestellt wird &#8211; immer muss dieses Gremium entscheiden.<br \/>\nDerjenige nun, der die B\u00fccher f\u00fchrt, hei\u00dft Kirchenpfleger. In unserer Pfarrgemeinde ist dies:<\/p>\n<p><strong>Kirchenpfleger:<\/strong> Michael Drindl, Tel. 09402\/8722<\/p>\n<p>Die am 24. Nov. 2024 gew\u00e4hlten Mitglieder der Kirchenverwaltung sind im Einzelnen:<\/p>\n<p>Dr. Barbara Ponnath<br \/>\nEvelin Geigl<br \/>\nKurt Feistenauer<br \/>\nVeronika Portele<br \/>\nThomas Schindler<br \/>\nAlexander Deml<\/p>\n","protected":false},"excerpt":{"rendered":"<p>In Finanzfragen braucht der Pfarrer nicht alleine zu entscheiden. Zu seiner Entlastung gibt es die von den Pfarrangeh\u00f6rigen gew\u00e4hlte Kirchenverwaltung. Dabei handelt es sich nicht um ein B\u00fcro, wie der Name vermuten lie\u00dfe. Vielmehr handelt es sich tats\u00e4chlich um ein Entscheidungsgremium mit weitreichenden Befugnissen, auch wenn der Pfarrer der geborene Vorsitzende ist. Ob die Kirche &hellip; <\/p>\n<p class=\"link-more\"><a href=\"https:\/\/www.pfarreiengemeinschaft-regenstauf.de\/index.php\/unsere-pfarreien\/st-jakobus-regenstauf\/team\/kirchenverwaltung\/\" class=\"more-link\"><span class=\"screen-reader-text\">\u201eKirchenverwaltung\u201c<\/span> weiterlesen<\/a><\/p>\n","protected":false},"author":2,"featured_media":0,"parent":32,"menu_order":2260,"comment_status":"closed","ping_status":"closed","template":"","meta":{"footnotes":""},"class_list":["post-337","page","type-page","status-publish","hentry"],"_links":{"self":[{"href":"https:\/\/www.pfarreiengemeinschaft-regenstauf.de\/index.php\/wp-json\/wp\/v2\/pages\/337","targetHints":{"allow":["GET"]}}],"collection":[{"href":"https:\/\/www.pfarreiengemeinschaft-regenstauf.de\/index.php\/wp-json\/wp\/v2\/pages"}],"about":[{"href":"https:\/\/www.pfarreiengemeinschaft-regenstauf.de\/index.php\/wp-json\/wp\/v2\/types\/page"}],"author":[{"embeddable":true,"href":"https:\/\/www.pfarreiengemeinschaft-regenstauf.de\/index.php\/wp-json\/wp\/v2\/users\/2"}],"replies":[{"embeddable":true,"href":"https:\/\/www.pfarreiengemeinschaft-regenstauf.de\/index.php\/wp-json\/wp\/v2\/comments?post=337"}],"version-history":[{"count":7,"href":"https:\/\/www.pfarreiengemeinschaft-regenstauf.de\/index.php\/wp-json\/wp\/v2\/pages\/337\/revisions"}],"predecessor-version":[{"id":3847,"href":"https:\/\/www.pfarreiengemeinschaft-regenstauf.de\/index.php\/wp-json\/wp\/v2\/pages\/337\/revisions\/3847"}],"up":[{"embeddable":true,"href":"https:\/\/www.pfarreiengemeinschaft-regenstauf.de\/index.php\/wp-json\/wp\/v2\/pages\/32"}],"wp:attachment":[{"href":"https:\/\/www.pfarreiengemeinschaft-regenstauf.de\/index.php\/wp-json\/wp\/v2\/media?parent=337"}],"curies":[{"name":"wp","href":"https:\/\/api.w.org\/{rel}","templated":true}]}}