{"id":3091,"date":"2023-01-28T13:08:00","date_gmt":"2023-01-28T12:08:00","guid":{"rendered":"https:\/\/www.pfarreiengemeinschaft-regenstauf.de\/?page_id=3091"},"modified":"2023-03-08T16:16:38","modified_gmt":"2023-03-08T15:16:38","slug":"pfarrgemeinderat-kirchberg","status":"publish","type":"page","link":"https:\/\/www.pfarreiengemeinschaft-regenstauf.de\/index.php\/unsere-pfarreien\/mariae-himmelfahrt-kirchberg\/team-kb\/pfarrgemeinderat-kirchberg\/","title":{"rendered":"Pfarrgemeinderat Kirchberg"},"content":{"rendered":"\n<p>Der Pfarrgemeinderat ist laut Satzung ein Gremium, das den Pfarrer als sogenanntes &#8222;geborenes Mitglied&#8220; bei seinen vielf\u00e4ltigen Aufgaben unterst\u00fctzt und ber\u00e4t. Dabei nehmen wir gerne Anregungen von Seiten der Pfarrangeh\u00f6rigen entgegen und leiten sie weiter. Sprechen Sie uns an!<\/p>\n\n\n\n<p>Am 19.\/ 20. M\u00e4rz 2022 wurden unsere <strong>Pfarrgemeinder\u00e4te<\/strong>&nbsp;gew\u00e4hlt, und bei der konstituierenden Sitzung folgende Rollen vergeben: <br>Sprecher: Karlheinz Dommer (mobil: 0173 5722004),<br>Stellvertreterin: Katrin Hartl, <br>Schriftf\u00fchrerin: Stefanie Hofstetter<br>Weitere Mitglieder des Pfarrgemeinderats Mari\u00e4 Himmelfahrt (Kirchberg) sind:<br>Elfriede Binder<br>Sandra Grundner<br>Melanie John<br>Anette Hofstetter<br>Verena Beer und<br>Michael Stolz.<\/p>\n","protected":false},"excerpt":{"rendered":"<p>Der Pfarrgemeinderat ist laut Satzung ein Gremium, das den Pfarrer als sogenanntes &#8222;geborenes Mitglied&#8220; bei seinen vielf\u00e4ltigen Aufgaben unterst\u00fctzt und ber\u00e4t. Dabei nehmen wir gerne Anregungen von Seiten der Pfarrangeh\u00f6rigen entgegen und leiten sie weiter. Sprechen Sie uns an! Am 19.\/ 20. M\u00e4rz 2022 wurden unsere Pfarrgemeinder\u00e4te&nbsp;gew\u00e4hlt, und bei der konstituierenden Sitzung folgende Rollen vergeben: &hellip; <\/p>\n<p class=\"link-more\"><a href=\"https:\/\/www.pfarreiengemeinschaft-regenstauf.de\/index.php\/unsere-pfarreien\/mariae-himmelfahrt-kirchberg\/team-kb\/pfarrgemeinderat-kirchberg\/\" class=\"more-link\"><span class=\"screen-reader-text\">\u201ePfarrgemeinderat Kirchberg\u201c<\/span> weiterlesen<\/a><\/p>\n","protected":false},"author":4,"featured_media":0,"parent":2952,"menu_order":4280,"comment_status":"closed","ping_status":"closed","template":"","meta":{"footnotes":""},"class_list":["post-3091","page","type-page","status-publish","hentry"],"_links":{"self":[{"href":"https:\/\/www.pfarreiengemeinschaft-regenstauf.de\/index.php\/wp-json\/wp\/v2\/pages\/3091","targetHints":{"allow":["GET"]}}],"collection":[{"href":"https:\/\/www.pfarreiengemeinschaft-regenstauf.de\/index.php\/wp-json\/wp\/v2\/pages"}],"about":[{"href":"https:\/\/www.pfarreiengemeinschaft-regenstauf.de\/index.php\/wp-json\/wp\/v2\/types\/page"}],"author":[{"embeddable":true,"href":"https:\/\/www.pfarreiengemeinschaft-regenstauf.de\/index.php\/wp-json\/wp\/v2\/users\/4"}],"replies":[{"embeddable":true,"href":"https:\/\/www.pfarreiengemeinschaft-regenstauf.de\/index.php\/wp-json\/wp\/v2\/comments?post=3091"}],"version-history":[{"count":5,"href":"https:\/\/www.pfarreiengemeinschaft-regenstauf.de\/index.php\/wp-json\/wp\/v2\/pages\/3091\/revisions"}],"predecessor-version":[{"id":3486,"href":"https:\/\/www.pfarreiengemeinschaft-regenstauf.de\/index.php\/wp-json\/wp\/v2\/pages\/3091\/revisions\/3486"}],"up":[{"embeddable":true,"href":"https:\/\/www.pfarreiengemeinschaft-regenstauf.de\/index.php\/wp-json\/wp\/v2\/pages\/2952"}],"wp:attachment":[{"href":"https:\/\/www.pfarreiengemeinschaft-regenstauf.de\/index.php\/wp-json\/wp\/v2\/media?parent=3091"}],"curies":[{"name":"wp","href":"https:\/\/api.w.org\/{rel}","templated":true}]}}

<p>Der Pfarrgemeinderat ist laut Satzung ein Gremium, das den Pfarrer als sogenanntes &#8222;geborenes Mitglied&#8220; bei seinen vielfältigen Aufgaben unterstützt und berät. Dabei nehmen wir gerne Anregungen von Seiten der Pfarrangehörigen entgegen und leiten sie weiter. Sprechen Sie uns an!</p>



<p>Am 19./ 20. März 2022 wurden unsere <strong>Pfarrgemeinderäte</strong>&nbsp;gewählt, und bei der konstituierenden Sitzung folgende Rollen vergeben: <br>Sprecher: Karlheinz Dommer (mobil: 0173 5722004),<br>Stellvertreterin: Katrin Hartl, <br>Schriftführerin: Stefanie Hofstetter<br>Weitere Mitglieder des Pfarrgemeinderats Mariä Himmelfahrt (Kirchberg) sind:<br>Elfriede Binder<br>Sandra Grundner<br>Melanie John<br>Anette Hofstetter<br>Verena Beer und<br>Michael Stolz.</p>

<p>Der Pfarrgemeinderat ist laut Satzung ein Gremium, das den Pfarrer als sogenanntes &#8222;geborenes Mitglied&#8220; bei seinen vielfältigen Aufgaben unterstützt und berät. Dabei nehmen wir gerne Anregungen von Seiten der Pfarrangehörigen entgegen und leiten sie weiter. Sprechen Sie uns an! Am 19./ 20. März 2022 wurden unsere Pfarrgemeinderäte&nbsp;gewählt, und bei der konstituierenden Sitzung folgende Rollen vergeben: &hellip; </p>
<p class="link-more"><a href="https://www.pfarreiengemeinschaft-regenstauf.de/index.php/unsere-pfarreien/mariae-himmelfahrt-kirchberg/team-kb/pfarrgemeinderat-kirchberg/" class="more-link"><span class="screen-reader-text">„Pfarrgemeinderat Kirchberg“</span> weiterlesen</a></p>
