{"id":2874,"date":"2023-01-19T11:50:06","date_gmt":"2023-01-19T10:50:06","guid":{"rendered":"https:\/\/www.pfarreiengemeinschaft-regenstauf.de\/?page_id=2874"},"modified":"2023-01-23T14:32:31","modified_gmt":"2023-01-23T13:32:31","slug":"unsere-pfarreien","status":"publish","type":"page","link":"https:\/\/www.pfarreiengemeinschaft-regenstauf.de\/index.php\/unsere-pfarreien\/","title":{"rendered":"Unsere Pfarreien"},"content":{"rendered":"\n<p>Seit 1. Januar 2018 sind unsere Pfarreien <span style=\"color: #0000ff;\"><a href=\"https:\/\/www.pfarreiengemeinschaft-regenstauf.de\/index.php\/unsere-pfarreien\/st-jakobus-regenstauf\/\"><span style=\"color: #0000ff;\">St Jakobus, Regenstauf<\/span><\/a><\/span>, <span style=\"color: #0000ff;\"><a href=\"https:\/\/www.pfarreiengemeinschaft-regenstauf.de\/index.php\/unsere-pfarreien\/st-laurentius-ramspau\/&quot;\"><span style=\"color: #0000ff;\">St. Laurentius (Ramspau)<\/span><\/a><\/span> und <span style=\"color: #0000ff;\"><a href=\"https:\/\/www.pfarreiengemeinschaft-regenstauf.de\/index.php\/unsere-pfarreien\/mariae-himmelfahrt-kirchberg\/\"><span style=\"color: #0000ff;\">Mari\u00e4 Himmelfahrt, Kirchberg<\/span><\/a><\/span> zu einer <strong>Pfarreiengemeinschaft<\/strong> zusammengeschlossen; die drei Pfarreien stehen gleichberechtigt nebeneinander.<br>Doch welcher Ortsteil geh\u00f6rt zu welcher Pfarrei?<br>Die Antwort finden Sie in folgender Tabelle:<\/p>\n\n\n\n<figure class=\"wp-block-table is-style-stripes\"><table class=\"has-fixed-layout\"><tbody><tr><td>St. Jakobus, Regenstauf<\/td><td>St. Laurentius, Ramspau<\/td><td>Mari\u00e4 Himmelfahrt, Kirchberg<\/td><\/tr><tr><td>Birkenzant<br>Brennthal<br>Brunnhaus<br>Fidelhof<br>Gfangen<br>Hagenau<br>Hauzenstein<br>Maad<br>Neuhaus<br>Schneitweg<br>Spindlhof<br>W\u00f6hrhof<\/td><td>Anglhof<br>Asing<br>Gibacht<br>Heilinghausen<br>Hinterberg<br>Hirschling<br>Kleinanglhof<br>Kleinramspau<br>M\u00fcnchsried<br>Schwaighof<br>Stadel<br>S\u00fcssenbach<\/td><td>Breitwies<br>Danersdorf<br>Drackenstein<br>Elendhalbstra\u00dfe<br>Glapfenberg<br>Gnadenhof<br>Grafenwinn<br>Greisberg<br>Karlstein<br>Kreuth<br>Rappershof<br>Ruith<br>Wiedenhof<\/td><\/tr><\/tbody><\/table><\/figure>\n","protected":false},"excerpt":{"rendered":"<p>Seit 1. Januar 2018 sind unsere Pfarreien St Jakobus, Regenstauf, St. Laurentius (Ramspau) und Mari\u00e4 Himmelfahrt, Kirchberg zu einer Pfarreiengemeinschaft zusammengeschlossen; die drei Pfarreien stehen gleichberechtigt nebeneinander.Doch welcher Ortsteil geh\u00f6rt zu welcher Pfarrei?Die Antwort finden Sie in folgender Tabelle: St. Jakobus, Regenstauf St. Laurentius, Ramspau Mari\u00e4 Himmelfahrt, Kirchberg BirkenzantBrennthalBrunnhausFidelhofGfangenHagenauHauzensteinMaadNeuhausSchneitwegSpindlhofW\u00f6hrhof AnglhofAsingGibachtHeilinghausenHinterbergHirschlingKleinanglhofKleinramspauM\u00fcnchsriedSchwaighofStadelS\u00fcssenbach BreitwiesDanersdorfDrackensteinElendhalbstra\u00dfeGlapfenbergGnadenhofGrafenwinnGreisbergKarlsteinKreuthRappershofRuithWiedenhof<\/p>\n","protected":false},"author":2,"featured_media":0,"parent":0,"menu_order":2000,"comment_status":"closed","ping_status":"closed","template":"","meta":{"footnotes":""},"class_list":["post-2874","page","type-page","status-publish","hentry"],"_links":{"self":[{"href":"https:\/\/www.pfarreiengemeinschaft-regenstauf.de\/index.php\/wp-json\/wp\/v2\/pages\/2874","targetHints":{"allow":["GET"]}}],"collection":[{"href":"https:\/\/www.pfarreiengemeinschaft-regenstauf.de\/index.php\/wp-json\/wp\/v2\/pages"}],"about":[{"href":"https:\/\/www.pfarreiengemeinschaft-regenstauf.de\/index.php\/wp-json\/wp\/v2\/types\/page"}],"author":[{"embeddable":true,"href":"https:\/\/www.pfarreiengemeinschaft-regenstauf.de\/index.php\/wp-json\/wp\/v2\/users\/2"}],"replies":[{"embeddable":true,"href":"https:\/\/www.pfarreiengemeinschaft-regenstauf.de\/index.php\/wp-json\/wp\/v2\/comments?post=2874"}],"version-history":[{"count":6,"href":"https:\/\/www.pfarreiengemeinschaft-regenstauf.de\/index.php\/wp-json\/wp\/v2\/pages\/2874\/revisions"}],"predecessor-version":[{"id":3041,"href":"https:\/\/www.pfarreiengemeinschaft-regenstauf.de\/index.php\/wp-json\/wp\/v2\/pages\/2874\/revisions\/3041"}],"wp:attachment":[{"href":"https:\/\/www.pfarreiengemeinschaft-regenstauf.de\/index.php\/wp-json\/wp\/v2\/media?parent=2874"}],"curies":[{"name":"wp","href":"https:\/\/api.w.org\/{rel}","templated":true}]}}