{"id":141,"date":"2017-05-03T20:24:55","date_gmt":"2017-05-03T18:24:55","guid":{"rendered":"https:\/\/www.pfarreiengemeinschaft-regenstauf.de\/?page_id=141"},"modified":"2023-02-21T18:14:58","modified_gmt":"2023-02-21T17:14:58","slug":"hochzeit","status":"publish","type":"page","link":"https:\/\/www.pfarreiengemeinschaft-regenstauf.de\/index.php\/sakramente-seelsorge\/sakramente\/hochzeit\/","title":{"rendered":"Hochzeit"},"content":{"rendered":"<p>Mit der Hochzeit beginnt ein neuer Weg: ein Weg zu zweit vor Gott. Mit der Trauung wird zum Ausdruck gebracht, dass ich dem anderen etwas zu-traue, mich ihm an-vertraue, dass ich mich auf ihn einlasse, ihm traue. In der kirchlichen Trauung kommt zum Ausdruck: Wir vertrauen Gott unseren gemeinsamen Weg an, wir machen ihn zu unserem Wegbegleiter!<\/p>\n<p>Wenn Sie beabsichtigen, sich bei uns trauen zu lassen, setzen Sie sich bitte fr\u00fchzeitig mit unserem Pfarrb\u00fcro in Verbindung um den Termin zu vereinbaren. Einer unserer Geistlichen (Priester, Diakon) wird dann mit Ihnen Kontakt aufnehmen, um sie auf Ihre Hochzeit vorzubereiten, das <span style=\"color: #0000ff;\"><a style=\"color: #0000ff;\" href=\"https:\/\/www.pfarreiengemeinschaft-regenstauf.de\/downloads\/Ehevorbereitungsprotokoll.pdf\">Ehevorbereitungsprotokoll<\/a><\/span> mit Ihnen auszuf\u00fcllen (<a href=\"https:\/\/www.pfarreiengemeinschaft-regenstauf.de\/downloads\/Ehevorbereitungsprotokoll Erklaerungen.pdf\" data-wplink-url-error=\"true\"><span style=\"color: #0000ff;\">Erkl\u00e4rungen hierzu<\/span><\/a>) und den Ablauf der gottesdienstlichen Feier zu planen.<\/p>\n<p>Zum Vorbereitungsgespr\u00e4ch muss ein Taufzeugnis vorliegen, das nicht \u00e4lter als sechs Monate sein darf. Es wird vom Pfarramt Ihrer Taufpfarrei ausgestellt. In der Di\u00f6zese Regensburg, zu der unsere Pfarrei St. Jakobus Regenstauf geh\u00f6rt, sind alle Eheleute eingeladen, an einem Brautleutetag teilzunehmen. Auch hier\u00fcber informiert sie gern unser Pfarrb\u00fcro.<\/p>\n<p>Das Ehesakrament wird innerhalb der Hl. Messe oder eines Wortgottesdienstes in der Kirche St. Jakobus gespendet.<br \/>\nKirchlich heiraten &#8211; Die Ehe ist ein Sakrament<\/p>\n<p>Sie wollen heiraten. Sie wollen Ihrer Beziehung, die nicht mehr blo\u00dfe Bekanntschaft oder Freundschaft ist, sondern zu einer tiefen menschlichen Verbundenheit geworden ist, auch nach au\u00dfen hin eine klare feste Form geben. Nun sind f\u00fcr Sie viele Dinge zu bedenken: Die notwendigen Papiere sind zu beschaffen, das Aufgebot beim Standesamt muss bestellt werden, das Fest muss vorbereitet werden und vieles andere mehr. Und schlie\u00dflich stehen Sie auch vor der Frage: Sollen wir kirchlich heiraten oder belassen wir es bei der zivilen Trauung? Was spricht dagegen, was spricht daf\u00fcr?<\/p>\n<p>Dagegen k\u00f6nnte sprechen, dass sich heute viele nicht kirchlich trauen lassen, dass sich Ihre kirchlichen Bindungen im Laufe der Zeit sehr gelockert haben. Auch dass eine kirchliche Trauung die standesamtliche an Festlichkeit weit \u00fcberragt, d\u00fcrfte kaum ein Grund sein, eine kirchliche Heirat anzustreben.<br \/>\nWas spricht also f\u00fcr die kirchliche Trauung?<\/p>\n<p>Die nat\u00fcrlichen Voraussetzungen f\u00fcr eine Ehe m\u00f6gen noch so g\u00fcnstig sein, das Entscheidende dieser Bindung bleibt der menschlichen Berechnung entzogen. Wer wei\u00df schon genau, ob seine Zuneigung oder die Liebe des Partners auf Dauer wirklich tragf\u00e4hig ist? Und weil dem so ist &#8211; die erschreckende H\u00f6he der j\u00e4hrlichen Scheidungsziffer best\u00e4tigt es &#8211; bleibt nichts anderes \u00fcbrig als zu sagen &#8222;Gl\u00fcck muss der Mensch haben&#8220; oder besser &#8222;Unsere Ehe soll gesegnet sein&#8220;.<\/p>\n<p>Es ist sinnvoll, wenn Sie sich mit diesem nicht mehr kalkulierbaren Risiko in die H\u00e4nde dessen geben, den wir als Gott und Sch\u00f6pfer ansprechen, der den Menschen als Mann und Frau geschaffen hat und der ihm die F\u00e4higkeit zur Liebe gab. Das ist das erste, was eine kirchliche Trauung will.<\/p>\n<p>Das zweite ist dies: Wer kirchlich heiratet, nimmt Jesus Christus als Dritten im Bunde auf. Jesus ist den Weg des Menschen in Treue gegangen und hat selbst Leid und Tod auf sich genommen. Er hilft Ihnen und Ihrem Partner, Ja zu sagen zu einer lebenslangen Gemeinschaft, Ja zu sagen zu einer Liebe, die sich durch Treue bew\u00e4hren will. Er hilft Ihnen auch, Ja zu sagen zu Kindern.<\/p>\n","protected":false},"excerpt":{"rendered":"<p>Mit der Hochzeit beginnt ein neuer Weg: ein Weg zu zweit vor Gott. Mit der Trauung wird zum Ausdruck gebracht, dass ich dem anderen etwas zu-traue, mich ihm an-vertraue, dass ich mich auf ihn einlasse, ihm traue. In der kirchlichen Trauung kommt zum Ausdruck: Wir vertrauen Gott unseren gemeinsamen Weg an, wir machen ihn zu &hellip; <\/p>\n<p class=\"link-more\"><a href=\"https:\/\/www.pfarreiengemeinschaft-regenstauf.de\/index.php\/sakramente-seelsorge\/sakramente\/hochzeit\/\" class=\"more-link\"><span class=\"screen-reader-text\">\u201eHochzeit\u201c<\/span> weiterlesen<\/a><\/p>\n","protected":false},"author":2,"featured_media":0,"parent":299,"menu_order":11500,"comment_status":"closed","ping_status":"closed","template":"","meta":{"footnotes":""},"class_list":["post-141","page","type-page","status-publish","hentry"],"_links":{"self":[{"href":"https:\/\/www.pfarreiengemeinschaft-regenstauf.de\/index.php\/wp-json\/wp\/v2\/pages\/141","targetHints":{"allow":["GET"]}}],"collection":[{"href":"https:\/\/www.pfarreiengemeinschaft-regenstauf.de\/index.php\/wp-json\/wp\/v2\/pages"}],"about":[{"href":"https:\/\/www.pfarreiengemeinschaft-regenstauf.de\/index.php\/wp-json\/wp\/v2\/types\/page"}],"author":[{"embeddable":true,"href":"https:\/\/www.pfarreiengemeinschaft-regenstauf.de\/index.php\/wp-json\/wp\/v2\/users\/2"}],"replies":[{"embeddable":true,"href":"https:\/\/www.pfarreiengemeinschaft-regenstauf.de\/index.php\/wp-json\/wp\/v2\/comments?post=141"}],"version-history":[{"count":8,"href":"https:\/\/www.pfarreiengemeinschaft-regenstauf.de\/index.php\/wp-json\/wp\/v2\/pages\/141\/revisions"}],"predecessor-version":[{"id":3431,"href":"https:\/\/www.pfarreiengemeinschaft-regenstauf.de\/index.php\/wp-json\/wp\/v2\/pages\/141\/revisions\/3431"}],"up":[{"embeddable":true,"href":"https:\/\/www.pfarreiengemeinschaft-regenstauf.de\/index.php\/wp-json\/wp\/v2\/pages\/299"}],"wp:attachment":[{"href":"https:\/\/www.pfarreiengemeinschaft-regenstauf.de\/index.php\/wp-json\/wp\/v2\/media?parent=141"}],"curies":[{"name":"wp","href":"https:\/\/api.w.org\/{rel}","templated":true}]}}